ctor of 6270285 and 159030.
285
Calculate the greatest common divisor of 29 and 3900210.
29
What is the greatest common divisor of 2770 and 3558342?
554
Calculate the highest common factor of 19331 and 442793.
13
What is the highest common divisor of 189428380 and 47340?
5260
What is the greatest common factor of 22738965 and 3441?
93
What is the greatest common divisor of 35 and 48788845?
35
What is the highest common factor of 1809 and 2992167?
27
Calculate the greatest common factor of 181381 and 341.
31
Calculate the highest common divisor of 2508706 and 2580.
86
What is the highest common divisor of 27822835 and 2859?
953
What is the highest common divisor of 135 and 3535515?
135
Calculate the greatest common factor of 4058100 and 44280.
540
What is the highest common factor of 639 and 256437?
9
What is the highest common divisor of 7730 and 205?
5
Calculate the highest common factor of 29421 and 12789.
63
Calculate the greatest common divisor of 10359413 and 771.
257
What is the greatest common divisor of 543222 and 48906?
18
Calculate the highest common factor of 5175600 and 323248.
3632
What is the greatest common divisor of 78 and 31061732?
26
Calculate the highest common divisor of 52829 and 3080.
7
Calculate the greatest common divisor of 4000 and 37820.
20
Calculate the highest common factor of 161389315 and 5.
5
What is the greatest common divisor of 3338705 and 10?
5
Calculate the highest common divisor of 247510856 and 482.
482
Calculate the greatest common divisor of 7274977 and 9469.
557
Calculate the highest common divisor of 11925 and 161267075.
1325
What is the greatest common factor of 9 and 59537208?
3
What is the highest common factor of 28616472 and 6603?
93
Calculate the highest common factor of 41272 and 1122198.
154
Calculate the highest common factor of 36491966 and 7.
7
Calculate the highest common divisor of 1605672 and 1444896.
2088
Calculate the greatest common divisor of 1014097090 and 1735.
1735
What is the highest common factor of 24092415 and 90?
45
Calculate the highest common divisor of 304512 and 5052.
12
Calculate the highest common divisor of 699 and 137978406.
699
What is the highest common factor of 162 and 32214576?
6
Calculate the greatest common divisor of 8652 and 23329500.
1236
Calculate the highest common factor of 780384 and 7568.
176
Calculate the highest common divisor of 1965914 and 42411.
67
What is the highest common factor of 1227984 and 7584?
48
What is the highest common factor of 64190 and 20090?
490
Calculate the greatest common factor of 28581 and 714.
21
Calculate the greatest common factor of 982 and 10533423.
491
What is the greatest common factor of 470 and 313655?
5
Calculate the highest common factor of 3223568 and 496.
16
Calculate the highest common factor of 32623423 and 7.
7
What is the greatest common factor of 247287 and 878695?
31
Calculate the highest common divisor of 5067 and 13775484.
1689
What is the highest common divisor of 210915 and 97911?
387
What is the greatest common factor of 13635 and 9696?
303
What is the highest common factor of 887090 and 11610?
430
Calculate the highest common factor of 2166 and 10587484.
38
Calculate the highest common divisor of 44 and 2581919692.
44
What is the greatest common divisor of 410363925 and 150?
75
What is the greatest common divisor of 3567 and 404460941?
1189
What is the greatest common factor of 1410360096 and 149?
149
Calculate the greatest common factor of 418 and 4539326.
22
What is the greatest common factor of 10346138 and 44?
22
What is the greatest common factor of 2265 and 461700?
15
Calculate the greatest common factor of 3669474 and 3594.
3594
Calculate the highest common factor of 9051 and 5019.
21
What is the greatest common factor of 12 and 5902596?
12
Calculate the highest common divisor of 16741230 and 5.
5
Calculate the highest common factor of 1692 and 1795447.
47
Calculate the greatest common divisor of 238 and 1297324.
14
What is the greatest common factor of 1868 and 46096636?
1868
What is the greatest common divisor of 437206 and 416262?
2618
Calculate the greatest common divisor of 8715 and 15788675.
2905
Calculate the highest common divisor of 122836963 and 107.
107
What is the highest common factor of 178761846 and 2648?
662
What is the highest common factor of 83750 and 26?
2
Calculate the greatest common factor of 115004176 and 3332.
196
Calculate the highest common divisor of 45699 and 165.
3
What is the greatest common factor of 94 and 40390531?
47
Calculate the highest common factor of 45812381 and 3338.
1669
What is the highest common factor of 1278 and 324748107?
639
What is the greatest common factor of 6510999 and 99?
33
What is the highest common divisor of 129 and 1690287?
129
What is the highest common divisor of 31240 and 34080?
2840
Calculate the highest common factor of 154 and 362619950.
154
Calculate the highest common factor of 4967364 and 14480.
724
What is the highest common divisor of 59032 and 6186328?
376
What is the greatest common divisor of 1187045 and 135?
5
What is the greatest common divisor of 57566 and 5610264?
538
Calculate the highest common factor of 5116 and 1838470412.
5116
Calculate the greatest common factor of 12 and 914932.
4
Calculate the greatest common divisor of 179491200 and 2160.
240
What is the highest common factor of 1008 and 243696?
48
What is the highest common divisor of 342 and 22910694?
114
What is the highest common divisor of 1507 and 12047369?
137
What is the greatest common divisor of 16152 and 19752?
24
Calculate the highest common factor of 3386640 and 330.
30
Calculate the highest common factor of 41518855 and 1435.
1435
What is the greatest common divisor of 361652283 and 2133?
2133
Calculate the highest common divisor of 1279840 and 4104.
152
Calculate the greatest common divisor of 15838744 and 9824.
2456
What is the greatest common factor of 60497029 and 257?
257
What is the greatest common factor of 35318503 and 561?
187
Calculate the highest common factor of 1727300 and 1270520.
460
Calculate the highest common factor of 315307812 and 1696.
212
What is the highest common divisor of 366766812 and 2932?
2932
What is the greatest common factor of 84243864 and 21492?
2388
What is the highest common divisor of 14937078 and 312?
78
What is the highest common divisor of 4519488 and 1992?
24
What is the highest common factor of 4259958 and 12?
6
Calculate the greatest common factor of 2 and 39679.
1
Calculate the highest common factor of 72117 and 102411.
27
Calculate the highest common divisor of 15623 and 3557449.
919
Calculate the greatest common divisor of 18 and 2109123.
9
What is the greatest common factor of 11298 and 16989462?
42
What is the greatest common factor of 52672 and 11445461?
823
What is the highest common divisor of 14586 and 580151?
143
What is the greatest common divisor of 11515560 and 22680?
840
What is the highest common divisor of 119 and 4001050487?
119
What is the highest common divisor of 14 and 303396254?
14
Calculate the greatest common divisor of 3481030 and 70.
70
What is the greatest common divisor of 36650691 and 756?
189
Calculate the greatest common divisor of 5425 and 115121755.
1085
Calculate the greatest common factor of 22794 and 1783303.
131
Calculate the greatest common divisor of 6580 and 173735030.
3290
What is the highest common factor of 85635 and 113355?
495
Calculate the greatest common factor of 26900 and 5712484.
1076
What is the greatest common divisor of 8821035 and 2133?
27
Calculate the greatest common factor of 9673347 and 4.
1
What is the highest common factor of 1503144 and 264?
24
Calculate the greatest common factor of 12029105 and 44.
11
What is the greatest common factor of 154280 and 837368?
1064
What is the greatest common divisor of 1988779 and 211055?
221
Calculate the highest common divisor of 912 and 1142753176.
152
Calculate the highest common factor of 31503 and 4470.
3
Calculate the highest common factor of 378301 and 1001.
77
What is the highest common divisor of 276047103 and 4449?
4449
Calculate the greatest common factor of 1057080 and 859835.
1915
What is the greatest common factor of 17130 and 19014?
6
What is the highest common divisor of 31 and 111076782?